*k**2 + k. What is d(h)?
5
Let r(g) = -g**3 - g**2 + g - 12. Let i(f) = -2*f**2 + 2*f + 2*f + 3*f**2 + 2*f + 7. Let h be i(-5). Suppose -3*u = -3*w, -w + 5*u - h*u = 0. What is r(w)?
-12
Let v(w) be the third derivative of 7*w**4/24 + w**2. Let x(d) = 4*d - 65. Let h be x(16). Give v(h).
-7
Suppose 2*f = -u + 5*f + 11, 7 = 5*u + f. Let s(r) = -10*r. Calculate s(u).
-20
Let y(k) = 2*k**3 + 11*k**2 - 3*k + 17. Let t(h) = -h**3 - 4*h**2 + h - 6. Let z(v) = 17*t(v) + 6*y(v). Calculate z(-1).
4
Let m(x) = -2*x**2 + 2*x - 6. Let g(u) = -u**2 - 1. Let d(c) = -3*g(c) + m(c). What is d(-4)?
5
Let u(t) be the third derivative of -t**6/120 - t**5/20 + t**4/6 + t**3 - 16*t**2. Calculate u(-4).
6
Let q(h) = 4*h + 3. Let f(z) = -2*z - 1. Let b(o) = 5*f(o) + 3*q(o). Calculate b(5).
14
Suppose -y + 9 = 3*t, 0 = -t - y - 0*y + 3. Let m(g) = -5*g**2 - 2*g**3 + 0*g**t + 5*g + 3*g**3 + 2. Let u be (4/(-1))/(-1) + 0. Give m(u).
6
Let t(o) = -2*o**2 + 4*o - 2. Let j(r) = r**2 - 5*r + 8. Let v be j(2). Calculate t(v).
-2
Let x(u) = -u - 1. Let s be x(-3). Let y = -6 + s. Let p(v) = -v - 8. Calculate p(y).
-4
Suppose -5*d = 3*p + 9, -5*d + 1 = p + 4. Let c(l) be the third derivative of -1/6*l**4 + 0*l - 1/6*l**3 + 1/60*l**5 + d + l**2. Determine c(5).
4
Let w = -11 + 14. Let k(g) = -2*g**2 + 3*g - 1. Let c(p) = p**2 - 3*p. Let x(z) = w*c(z) + 2*k(z). What is x(-2)?
0
Suppose z = -z + 8. Let i(w) = w**2 - w + 1. Let c be (-1)/(3/(-24)*2). Let d(j) = 3*j**2 + j. Let n(u) = c*i(u) - d(u). Give n(z).
0
Let u(n) = -n**2 + 6*n - 4. Suppose -a + 70 = 4*a. Suppose -5*h = -q - 35, -5*h - a + 64 = -4*q. Determine u(h).
-4
Let v(d) = -3*d**3 - 20*d**2 + 20. Let a be 15*3/15*2. Let o(z) = z**3 + 7*z**2 - 7. Let u(n) = a*v(n) + 17*o(n). What is u(0)?
1
Suppose 2*t - 5*t = -2*i - 15, 15 = -5*i. Let d = -6 + 8. Let o(f) = 0*f + 0*f + 1 - f**d + f. Calculate o(t).
-5
Let o(l) be the first derivative of -l**3/6 + l**2 - 3*l - 3. Let z(i) be the first derivative of o(i). Calculate z(-2).
4
Let h be ((-3)/3)/(6/18). Let n(r) = 5*r - 2. Give n(h).
-17
Let g(b) be the third derivative of 0*b - 1/6*b**3 - 1/24*b**4 - 2*b**2 + 0. Suppose -a = -6 + 7. What is g(a)?
0
Let f be 0/3 + -2 + 5. Let v(q) = -4*q + 3. What is v(f)?
-9
Let z(l) = l**3 - 4*l**2 + 3*l - 6. Suppose 9*b - 4*b = 30. Suppose -4*w + b*w - 26 = 0. Let p = -9 + w. Determine z(p).
6
Suppose 5 + 3 = -2*s. Let o(j) = -j - 1. Let l(n) = -1. Let d(g) = -2*l(g) + o(g). Determine d(s).
5
Let y(p) = 5*p. Let t(k) = k + 6. Let i be t(-8). Let g = 5 + i. Suppose g = -l + 4. What is y(l)?
5
Let c = 1 + 0. Let l(x) = -4*x**2. Determine l(c).
-4
Let k(z) = -z**2 - 11*z - 1. Let c(y) = -9*y + 7. Let v be c(2). Determine k(v).
-1
Let p(w) = 13 - 1 - w - 3. Let q be p(7). Let c(d) = -3*d - 1. Calculate c(q).
-7
Let r(l) = l**2 + 6*l - 2. Suppose 0 = -u - 2*u - n + 25, 3*n = -3*u + 33. Let i = 2 - u. What is r(i)?
-7
Let j(h) = 6*h**3 - h - 1. Let u(d) = 9*d + 4 - 3*d - d**2 - 10. Let o be u(5). Calculate j(o).
-6
Let i(s) = s**3 - 9*s**2 - 7 - 7*s + 4*s**2 - 13 + 27. Calculate i(6).
1
Let d(l) = -17*l + 32*l - 4 - 11*l. Calculate d(6).
20
Suppose -z + 9 = -0. Let k(p) = 9 + p - z. Calculate k(0).
0
Let x be (((-15)/9)/5)/((-1)/18). Let u(y) = 4 + 3 + 0 - 2*y. What is u(x)?
-5
Let p(b) be the second derivative of b**4/12 + b**3 - b**2/2 - b. Suppose 44 - 124 = -4*c - 5*r, -4*c - r + 64 = 0. Let k = -20 + c. Calculate p(k).
-6
Let a(o) = o**2 - 4*o + 5. Let m = 29 + -25. Determine a(m).
5
Suppose 3*j + 16 = 46. Let q = j - 7. Let f(p) = p**3 + 3 - 4 - p**2 + 2 + p - 2*p**2. Determine f(q).
4
Let c(i) = i - 7. Let f = 6 - 4. Suppose -f*x - 2*t = -3*t + 10, 0 = 5*t. Determine c(x).
-12
Let z(h) = -5*h - h**2 + 43 - 36 + 0*h**2. What is z(-6)?
1
Suppose 4*f - f + 12 = 0. Let r = -2 - f. Let b(x) = 6 - 3 - x - r. Give b(-3).
4
Let v = -3 + -1. Let m(h) = -4*h - 1. Let w be m(-2). Let r(u) = 5 - 2*u + 3 - w. What is r(v)?
9
Let g(l) = -6*l**3 - l**2 - 3*l + 1. Let b(h) = h**3 - 1. Let o(m) = -5*b(m) - g(m). Determine o(-2).
-6
Let y(b) = -b**2 - 7*b - 6. Suppose 0 = -5*q - 23 - 7. Give y(q).
0
Let z(i) be the third derivative of -i**7/840 + i**6/180 - i**5/60 - 5*i**4/24 - 3*i**2. Let a(y) be the second derivative of z(y). Give a(2).
-6
Let o(l) = -l**3 + 5*l**2 + l - 1. Let w(j) = j**3 + j**2 + j + 5. Let i be w(0). Give o(i).
4
Let m(h) = 3*h. Let q be m(1). Let f(i) = -4*i - i**q + 0*i + 2*i**2 - 6*i**2. Suppose 3*x + 4 = -5. Calculate f(x).
3
Let u(x) = -2*x. Let c(s) = 5*s**2 + 2*s + 1. Let z be c(-1). Suppose 6 = 6*l - 3*l + 3*h, z*h - 10 = -2*l. What is u(l)?
2
Suppose -7*b - 70 = 3*b. Let s(h) = h**3 + 7*h**2 + h + 5. Determine s(b).
-2
Let q(z) be the first derivative of z**3/3 + z**2/2 - 43. Calculate q(0).
0
Let c(y) = 9 - 2*y**2 + 3*y**2 - 8*y - 3. Suppose -6*d + 5 = -d. Suppose l = 5 + d. What is c(l)?
-6
Let a be 3 + (-2)/(-2) + 0. Let b(j) = 3*j + 8. Suppose 3*r + 24 = -0*r. Let n(x) = -2*x - 5. Let s(w) = r*n(w) - 5*b(w). Calculate s(a).
4
Let f(o) = -o**2 + 9*o + 3. Let n(s) = -3*s**2 + 19*s + 5. Let t(h) = h**2 + 5*h - 5. Let l be t(-5). Let c(k) = l*f(k) + 2*n(k). Give c(-5).
5
Let t(u) = -u - 3 - 3 + 1 - 6*u + u**3 - 7*u**2. Determine t(8).
3
Let r = 20 + -17. Let w(o) = -o - o + o + r*o. Give w(6).
12
Let f(v) = 10*v. Let t be (4 + -4)*(-1 + 2). Suppose -4*g + 3 + 1 = t. Calculate f(g).
10
Let i(v) = -v**2 + 3*v - 4. Let z be i(2). Let k(r) = 2*r**2 + 2*r + 1. Give k(z).
5
Let l be 1/(-2*(-1)/(-16)). Let r = l + 23. Suppose -4*t + r = -9*t. Let j(c) = -c**2 - c + 4. Give j(t).
-2
Let d(f) = -f + 1. Let t be (-3 + 1)/(10/15). Let n(s) = 2*s + 5. Let u(o) = t*d(o) - n(o). Determine u(6).
-2
Let k = 10 - 8. Let g(o) = 2 - 1 + 3*o**2 + k*o**2 + o**3 - 7*o - 2. Calculate g(-6).
5
Let s be 72/27 + -2*2/6. Let t(c) be the third derivative of -1/8*c**4 + 1/60*c**5 - s*c**2 - 5/6*c**3 + 0 + 0*c. Determine t(4).
-1
Suppose -5*j = -s - 76, -5*s + s + 11 = j. Let m(f) = -j + 15 - f + 0*f. What is m(-1)?
1
Let w(o) = o**3 + 5*o**2 + 5*o + 2. Let t be 2/4*2*0. Suppose 0 = -3*g - 9 - t. Give w(g).
5
Let d(p) = p**3. Let j be 40/22 - 2/(-11). Calculate d(j).
8
Let d(n) = 4*n. Let l(m) = -m - 4. Let v be l(-4). Suppose v*h = 5*h - 10. Let q be -1 - h - (3 - 4). Determine d(q).
-8
Let t = 1 + -6. Let s be (-4)/t*(-25)/10. Let r(p) = p + 1. Determine r(s).
-1
Let c = -1 - -1. Let k(j) be the first derivative of -j**5/60 - j**3/6 - 3*j**2/2 + 15. Let i(x) be the second derivative of k(x). Calculate i(c).
-1
Let l(q) be the first derivative of q**3/3 - q**2/2 - 2*q + 12. What is l(3)?
4
Let x be (-1 + 1 - 1)*282/(-47). Let u(t) be the first derivative of t**3/3 - 7*t**2/2 + t + 1. Calculate u(x).
-5
Let b(u) = 2*u**2 + 5*u**2 - u**3 - 4 + 266*u - 271*u. Calculate b(6).
2
Let d(x) = -5*x**3 + 2*x**2 - 4*x - 5. Let y = 2 + 4. Let j(r) = -r**3 - r - 1. Let s(c) = y*j(c) - d(c). What is s(-2)?
3
Suppose -4*z = 4*r - 7*r - 29, 2 = z + r. Suppose 0 = -z*x + 22 - 2. Let h(a) = 2*a**2 - a + 2. Let b(q) = q**2 + 2. Let y(c) = -3*b(c) + 2*h(c). What is y(x)?
6
Let l(x) = -x + 1. Suppose 5*q - 2*q = 9. Suppose -o - 2*j - 4 = -q*o, 3*j + 4 = 4*o. What is l(o)?
3
Let j = 7 + -1. Suppose 0 = 2*v - j*v + 52. Let i = v - 9. Let d(h) = h + 1. Give d(i).
5
Let n(x) = x**2 + 2*x. Let f = -34 - -37. Give n(f).
15
Let g(b) = -b + 6. Let s = -13 - -19. What is g(s)?
0
Let h(o) = 3 - 4*o + 3*o + 3. Suppose -3*j - 2*x + 44 = 0, -2*x + 17 = -4*j + 57. Suppose -5*b = -5*d - 2*b + 15, -4*d = 5*b - j. What is h(d)?
3
Let q(p) = -4 + 0*p - p + 0 + 2*p. Calculate q(3).
-1
Let r(d) = -d**3 + 6*d**2 + d - 2. Let k(f) = -f**3 + 6*f**2 - 2. Let t(w) = 5*k(w) - 4*r(w). What is t(5)?
3
Let w = -6 + 12. Let p(y) = 1 + 0 + y**2 - 6 - w*y. What is p(6)?
-5
Let m(l) be the second derivative of 0 - 3*l - 1/20*l**5 + 0*l**2 - 1/12*l**4 + 1/6*l**3. Determine m(1).
-1
Let f(m) = 5*m + 7. Let p(t) = -t. Let c(r) = -f(r) - 6*p(r). Calculate c(5).
-2
Let b(a) = -a**2 - 3*a + 3. Suppose -3*x + 12 = -4*x + 4*z, -3*z + 39 = 3*x. Let c(p) = p - 11. Let i be c(x). What is b(i)?
3
Let z(y) = -2*y - 4. Let o(x) = -5*x - 8. Let u(s) = -3*o(s) + 7*z(s). Calculate u(6).
2
Let o(z) = -2*z + 7. Let a be o(0). Let l(w) = -w**2 + 6*w + 6. Give l(a).
-1
Let b(v) be the third derivative of v**5/60 + v**4